 what is 812 + -1?
811
In base 4, what is 13 + -301?
-222
In base 14, what is -9 + 18?
d
In base 3, what is 100 + 0?
100
In base 3, what is 2210 - -10?
2220
In base 12, what is -3 + -208?
-20b
In base 16, what is 3 - 55?
-52
In base 16, what is -8 + 0?
-8
In base 8, what is -11 + 62?
51
In base 7, what is 20 + 4?
24
In base 9, what is -6 + -15?
-22
In base 8, what is 24 + 14?
40
In base 15, what is -1 + 88?
87
In base 13, what is -5 - 1b45?
-1b4a
In base 12, what is -1 + 27?
26
In base 4, what is -10 + 131?
121
In base 7, what is 1103 + -2?
1101
In base 2, what is -10 - -11011100?
11011010
In base 12, what is 2b - -47?
76
In base 7, what is -4404 - -1?
-4403
In base 8, what is -351 - 76?
-447
In base 12, what is 79 + 5?
82
In base 3, what is -200102 + -12?
-200121
In base 10, what is 233 + 5?
238
In base 2, what is -11 - -101101?
101010
In base 15, what is -d + 24?
16
In base 16, what is 4 + -3f2?
-3ee
In base 10, what is 0 - -4?
4
In base 16, what is -193 - 3?
-196
In base 9, what is -27 - 5?
-33
In base 4, what is -101 - 1111?
-1212
In base 14, what is -5 - -860?
859
In base 4, what is 2 + -22?
-20
In base 14, what is -2 + 181?
17d
In base 14, what is -12c7 + -1?
-12c8
In base 9, what is -41 + -318?
-360
In base 3, what is -1 + 2111?
2110
In base 5, what is -13434 + -1?
-13440
In base 10, what is -2 + 8?
6
In base 12, what is -589 + 11?
-578
In base 8, what is -72 - -10?
-62
In base 11, what is 9 + 3a?
48
In base 9, what is -204 - 2?
-206
In base 6, what is 103225 - 4?
103221
In base 3, what is -11 + -120110?
-120121
In base 11, what is -98 + 185?
98
In base 5, what is 11101 + 2?
11103
In base 2, what is 111111011 + -11?
111111000
In base 7, what is -3 - -26?
23
In base 9, what is 103 - 8?
84
In base 10, what is 1 - -52?
53
In base 4, what is -210100 - -2?
-210032
In base 11, what is 2 - 159a?
-1598
In base 11, what is 135 + 7?
141
In base 6, what is 32 - 4?
24
In base 9, what is 0 - -13?
13
In base 15, what is -3 - -68?
65
In base 7, what is 142 - -13?
155
In base 8, what is -10101 + 2?
-10077
In base 9, what is 65 - 38?
26
In base 11, what is 24 + 131?
155
In base 11, what is 1511 + 3?
1514
In base 8, what is -2 - -131?
127
In base 7, what is -3 - -33?
30
In base 7, what is 32 + 20?
52
In base 8, what is 54 + 2?
56
In base 3, what is 2 + 211?
220
In base 5, what is -12300 + 3?
-12242
In base 6, what is -13131 - -5?
-13122
In base 12, what is -4 + -8a?
-92
In base 2, what is -100 - 111101110011?
-111101110111
In base 5, what is -10 - -22423?
22413
In base 15, what is 71 + -6?
6a
In base 6, what is -11 + -240?
-251
In base 7, what is -2040 - -13?
-2024
In base 9, what is 80 - 6?
73
In base 16, what is 1a + 4?
1e
In base 5, what is -214 - -4?
-210
In base 9, what is 4 - -88?
103
In base 3, what is -1100 + 1012?
-11
In base 12, what is 1827 - -2?
1829
In base 12, what is -427 - -4?
-423
In base 7, what is -400 - -4?
-363
In base 12, what is -4 + -762?
-766
In base 12, what is -89 - -b?
-7a
In base 16, what is -1 + -49?
-4a
In base 11, what is -a + -16?
-25
In base 14, what is 148 + -18?
130
In base 6, what is -3 + 1101?
1054
In base 6, what is 10 - 1?
5
In base 13, what is 0 + -ab?
-ab
In base 14, what is 5b + 4?
61
In base 2, what is -1 - -100011111011?
100011111010
In base 6, what is 43 + 2045?
2132
In base 14, what is -5 - 4?
-9
In base 4, what is -1 - -320232?
320231
In base 12, what is 1 - -52?
53
In base 7, what is -3 + 25?
22
In base 13, what is 4 + -14a?
-146
In base 4, what is 3 - 11?
-2
In base 11, what is -8139 + 3?
-8136
In base 2, what is -101010 - -1000?
-100010
In base 13, what is 36b - -3?
371
In base 11, what is a2 - 1a?
83
In base 16, what is 11 + f0?
101
In base 4, what is -101130 - -1?
-101123
In base 5, what is 14 + -1003?
-434
In base 10, what is 16 + 3?
19
In base 3, what is 12011122 - -10?
12011202
In base 14, what is 1595 + 0?
1595
In base 15, what is -4 - 22?
-26
In base 14, what is -2d - 5a?
-89
In base 12, what is 1a591 - -2?
1a593
In base 10, what is -16136 + 4?
-16132
In base 2, what is -11010 + 110101110?
110010100
In base 9, what is -7 + 1?
-6
In base 15, what is -262 - 4?
-266
In base 6, what is -430 - 23?
-453
In base 2, what is 0 - -10100000?
10100000
In base 16, what is c3 + -4?
bf
In base 2, what is -100 - -100011?
11111
In base 6, what is -4 - -21?
13
In base 2, what is 101 - -100010?
100111
In base 6, what is 20 - 1015?
-555
In base 5, what is -1 - 44?
-100
In base 9, what is 2 + -107?
-105
In base 15, what is 3c7 - 1?
3c6
In base 10, what is -5 + -95?
-100
In base 12, what is -82 + 42?
-40
In base 9, what is 4 + 273?
277
In base 4, what is 313302 + 1?
313303
In base 13, what is -5 + 27?
22
In base 6, what is -10110 + 0?
-10110
In base 11, what is 4 + -21a9?
-21a5
In base 15, what is 2 + -2772?
-2770
In base 2, what is -10100110 - 110011?
-11011001
In base 11, what is 21 - 17a?
-159
In base 3, what is 0 + -222020?
-222020
In base 15, what is -a0e - -4?
-a0a
In base 5, what is 10020 - -1?
10021
In base 16, what is 1 - 136d?
-136c
In base 16, what is 6f0 + 3?
6f3
In base 9, what is -43 + -17?
-61
In base 8, what is 253 + 1?
254
In base 16, what is 6bc - -7?
6c3
In base 8, what is 13 + -20?
-5
In base 9, what is -5 + -322?
-327
In base 2, what is -100000000 + 1001?
-11110111
In base 4, what is -11 + -1331?
-2002
In base 3, what is 2000210 - 0?
2000210
In base 10, what is -50 + -134?
-184
In base 14, what is -337 + -d?
-346
In base 8, what is -44055 - -1?
-44054
In base 2, what is -100 + -11000010?
-11000110
In base 12, what is 68 - 0?
68
In base 5, what is -10 - 341?
-401
In base 16, what is 23c + 7?
243
In base 4, what is 20 - -33100?
33120
In base 13, what is 8 - 0?
8
In base 11, what is 17 + 8?
24
In base 7, what is -6266 + 2?
-6264
In base 4, what is 10132 + 0?
10132
In base 13, what is -28 + c?
-19
In base 12, what is 3 + 567?
56a
In base 8, what is 410 + -12?
376
In base 3, what is -10202 + -12?
-10221
In base 12, what is 23 + -2?
21
In base 6, what is 140 - 15?
121
In base 12, what is -b - -30?
21
In base 12, what is 46b + 3?
472
In base 5, what is -4 + -100?
-104
In base 16, what is -3 + -4f6?
-4f9
In base 4, what is -10011 - 11?
-10022
In base 11, what is 2 + 285?
287
In base 5, what is 4 + 32?
41
In base 16, what is -30e + 8?
-306
In base 15, what is -2a + 1?
-29
In base 9, what is 14 - -124?
138
In base 15, what is 4 - 33?
-2e
In base 14, what is -2 + 48?
46
In base 13, what is -3 + -41a?
-420
In base 15, what is 1db + 5?
1e1
In base 5, what is 0 + -22?
-22
In base 7, what is -2 + 3555?
3553
In base 10, what is 156 + -2?
154
In base 7, what is 1102 + 0?
1102
In base 16, what is 6 - 7d0?
-7ca
In base 9, what is 2438 - 0?
2438
In base 7, what is 14323 - -2?
14325
In base 8, what is -2 + -74?
-76
In base 5, what is 224 + -103?
121
In base 16, what is 16 - 4?
12
In base 4, what is -2 - -2001?
1333
In base 11, what is 2 + -13?
-11
In base 10, what is -6 - -292?
286
In base 6, what is 230 - -5?
235
In base 2, what is -11 + 10010100?
10010001
In base 12, what is -61 - -9?
-54
In base 8, what is -1 + 40?
37
In base 2, what is -101100111010 - -1?
-101100111001
In base 10, what is 1615 - -3?
1618
In base 4, what is 2 - 33111?
-33103
In base 10, what is 237 + -4?
233
In base 7, what is 16 - -35?
54
In base 13, what is 1c38 - 2?
1c36
In base 14, what is -5 + -11b?
-122
In base 5, what is -1204 + -3?
-1212
In base 12, what is -5 - -80?
77
In base 2, what is 10 + -1000111?
-1000101
In base 11, what is -4 + -17?
-20
In base 3, what is 11110 - 100?
11010
In base 5, what is 13041 - -4?
13100
In base 7, what is -64 + 0?
-64
In base 3, what is -100 - -20200?
20100
In base 5, what is -1 + -4434?
-4440
In base 14, what is -1 - -104?
103
In base 8, what is 1020 + 1?
1021
In base 2, what is 1110010 - 101?
1101101
In base 10, what is 164 + 56?
220
In base 6, what is 1534 - -1?
1535
In base 12, what is 3ab7 + -2?
3ab5
In base 7, what is -141115 - 4?
-141122
In base 3, what is 2 - -1210?
1212
In base 13, what is -6 - -b?
5
In base 5, what is -304 + -122?
-431
In base 8, what is 15122 - -1?
15123
In base 13, what is -146 - -4?
-142
In base 3, what is -10210121 - -1?
-10210120
In base 8, what is 10 - -4?
14
In base 11, what is -6 + -5?
-10
In base 8, what is -330 + -1?
-331
In base 5, what is 0 + -4034?
-4034
In base 14